{"id":19,"date":"2010-08-05T08:43:01","date_gmt":"2010-08-05T08:43:01","guid":{"rendered":"http:\/\/www.ndoki-wayo.de\/?page_id=19"},"modified":"2014-08-07T14:49:38","modified_gmt":"2014-08-07T12:49:38","slug":"kontakt-impressum","status":"publish","type":"page","link":"http:\/\/www.ndoki-wayo.de\/?page_id=19","title":{"rendered":"KONTAKT"},"content":{"rendered":"<p><a href=\"http:\/\/www.ndoki-wayo.de\/wp-content\/uploads\/2010\/08\/B\u00fcrodienst-1.jpg\"><img decoding=\"async\" loading=\"lazy\" class=\"alignright size-full wp-image-2251\" title=\"B\u00fcrodienst  ;) \" alt=\"\" src=\"http:\/\/www.ndoki-wayo.de\/wp-content\/uploads\/2010\/08\/B\u00fcrodienst-1.jpg\" width=\"576\" height=\"405\" srcset=\"http:\/\/www.ndoki-wayo.de\/wp-content\/uploads\/2010\/08\/B\u00fcrodienst-1.jpg 711w, http:\/\/www.ndoki-wayo.de\/wp-content\/uploads\/2010\/08\/B\u00fcrodienst-1-300x210.jpg 300w\" sizes=\"(max-width: 576px) 100vw, 576px\" \/><\/a><br \/>\nSylvia und Jan Marggraff<\/p>\n<p>Telefon: 06171 &#8211; 580 007<\/p>\n<p>E-Mail: info(at)ndoki-wayo.de<\/p>\n<p><span style=\"color: #ffffff;\">.<\/span><\/p>\n<p>&nbsp;<\/p>\n<p>&nbsp;<\/p>\n<p>&nbsp;<\/p>\n<p>&nbsp;<\/p>\n<p>&nbsp;<\/p>\n<p>&nbsp;<\/p>\n<p>&nbsp;<\/p>\n<p><span style=\"color: #ffffff;\">.<\/span><\/p>\n<p><span style=\"color: #ffffff;\">.<\/span><\/p>\n<p style=\"text-align: justify; padding-left: 90px;\"><strong>Urheberrecht<\/strong><\/p>\n<p style=\"text-align: justify; padding-left: 90px;\"><span style=\"font-weight: normal;\">S\u00e4mtliche auf dieser Website eingestellten Inhalte und Fotografien unterliegen dem deutschen Urheberrecht. Die Vervielf\u00e4ltigung, Bearbeitung, Verbreitung und jede Art der Verwertung au\u00dferhalb der Grenzen des Urheberrechtes bed\u00fcrfen der schriftlichen Zustimmung des jeweiligen Autors bzw. Erstellers. Inhalte auf dieser Website, die nicht vom Betreiber erstellt wurden, werden mit Hinweis auf den Ersteller gekennzeichnet.<br \/>\n<\/span><br \/>\n<strong> Haftungsausschluss<\/strong><\/p>\n<p style=\"text-align: justify; padding-left: 90px;\"><span style=\"font-weight: normal;\">Die Inhalte dieser Website wurden sorgf\u00e4ltig gepr\u00fcft und werden regelm\u00e4\u00dfig aktualisiert. Jedoch kann keine Garantie daf\u00fcr \u00fcbernommen werden, dass alle Angaben zu jeder Zeit vollst\u00e4ndig, richtig und in letzter Aktualit\u00e4t dargestellt sind.\u00a0F\u00fcr die Inhalte der verlinkten Seiten sowie von Seiten, die auf diese Website verlinken, wird keine Haftung \u00fcbernommen. F\u00fcr diese Inhalte ist stets der jeweilige Betreiber der Seiten verantwortlich.<br \/>\n<\/span><br \/>\n<strong> Datenschutz<\/strong><\/p>\n<p style=\"text-align: justify; padding-left: 90px;\"><span style=\"font-weight: normal;\">Der Nutzung der im Rahmen der Impressumspflicht ver\u00f6ffentlichten Kontaktdaten durch Dritte, z.B. zur \u00dcbersendung von nicht angeforderter Werbung oder Informationsmaterialien und insbesondere Spam-Mails, wird hiermit ausdr\u00fccklich widersprochen. Die Betreiber der Website behalten sich <\/span><span style=\"font-weight: normal;\">im Falle der Zuwiderhandlung <\/span><span style=\"font-weight: normal;\">rechtliche Schritte vor.<\/span><\/p>\n","protected":false},"excerpt":{"rendered":"<p>Sylvia und Jan Marggraff Telefon: 06171 &#8211; 580 007 E-Mail: info(at)ndoki-wayo.de . &nbsp; &nbsp; &nbsp; &nbsp; &nbsp; &nbsp; &nbsp; . . Urheberrecht S\u00e4mtliche auf dieser Website eingestellten Inhalte und Fotografien unterliegen dem deutschen Urheberrecht. Die Vervielf\u00e4ltigung, Bearbeitung, Verbreitung und jede Art der Verwertung au\u00dferhalb der Grenzen des Urheberrechtes bed\u00fcrfen der schriftlichen Zustimmung des jeweiligen Autors [&hellip;]<\/p>\n","protected":false},"author":1,"featured_media":2250,"parent":0,"menu_order":6,"comment_status":"closed","ping_status":"closed","template":"","meta":[],"_links":{"self":[{"href":"http:\/\/www.ndoki-wayo.de\/index.php?rest_route=\/wp\/v2\/pages\/19"}],"collection":[{"href":"http:\/\/www.ndoki-wayo.de\/index.php?rest_route=\/wp\/v2\/pages"}],"about":[{"href":"http:\/\/www.ndoki-wayo.de\/index.php?rest_route=\/wp\/v2\/types\/page"}],"author":[{"embeddable":true,"href":"http:\/\/www.ndoki-wayo.de\/index.php?rest_route=\/wp\/v2\/users\/1"}],"replies":[{"embeddable":true,"href":"http:\/\/www.ndoki-wayo.de\/index.php?rest_route=%2Fwp%2Fv2%2Fcomments&post=19"}],"version-history":[{"count":38,"href":"http:\/\/www.ndoki-wayo.de\/index.php?rest_route=\/wp\/v2\/pages\/19\/revisions"}],"predecessor-version":[{"id":5085,"href":"http:\/\/www.ndoki-wayo.de\/index.php?rest_route=\/wp\/v2\/pages\/19\/revisions\/5085"}],"wp:featuredmedia":[{"embeddable":true,"href":"http:\/\/www.ndoki-wayo.de\/index.php?rest_route=\/wp\/v2\/media\/2250"}],"wp:attachment":[{"href":"http:\/\/www.ndoki-wayo.de\/index.php?rest_route=%2Fwp%2Fv2%2Fmedia&parent=19"}],"curies":[{"name":"wp","href":"https:\/\/api.w.org\/{rel}","templated":true}]}}