{"id":5134,"date":"2021-03-13T11:40:12","date_gmt":"2021-03-13T10:40:12","guid":{"rendered":"http:\/\/www.ndoki-wayo.de\/?page_id=5134"},"modified":"2021-03-25T18:15:09","modified_gmt":"2021-03-25T17:15:09","slug":"aktuell","status":"publish","type":"page","link":"http:\/\/www.ndoki-wayo.de\/?page_id=5134","title":{"rendered":"WAYO"},"content":{"rendered":"<h3><em><span style=\"color: #636363;\">Ndoki Ceteswayo Changu<span class=\"Apple-converted-space\">&nbsp; <\/span>13.08.2008 &#8211; 20.02.2021<\/span><\/em><\/h3>\n<p><span style=\"color: #808080;\">An einem der ersten milden Vorfr\u00fchlingstage mussten wir Abschied nehmen.<span class=\"Apple-converted-space\">&nbsp;<\/span>Wir hatten es dir und uns so sehr gew\u00fcnscht, dass du den Fr\u00fchling erleben darfst, doch es sollte nicht sein.<span class=\"Apple-converted-space\">&nbsp;<\/span>An diesem Morgen hast du uns unmissverst\u00e4ndlich gezeigt, dass deine Kraft zu Ende geht. Und wir hatten dir versprochen, dich gehen zu lassen, wenn es so weit sein w\u00fcrde.&nbsp;<\/span><\/p>\n<p><span style=\"color: #808080;\">F\u00fcr dich schloss sich der Kreis des Lebens auf der Wiese vor dem Haus, in dem du geboren wurdest. Inmitten von weichem Moos und den ersten G\u00e4nsebl\u00fcmchen hast du dich ein letztes Mal zur Ruhe gelegt und bist mit uns an deiner Seite, dem Duft des Fr\u00fchlings in deiner Nase, der w\u00e4rmenden Sonne auf deinem Fell sanft f\u00fcr immer eingeschlafen.<span class=\"Apple-converted-space\">&nbsp;<\/span><\/span><\/p>\n<p><span style=\"color: #808080;\">Fast dein ganzes Leben durften wir mit dir verbringen, du wunderbarer Hund, wir haben dich so sehr geliebt! So viel hast du uns gelehrt. Unendlich dankbar sind wir f\u00fcr jeden einzelnen Tag mit dir und f\u00fcr unz\u00e4hlige sch\u00f6ne Erinnerungen an gl\u00fcckliche Momente, die uns nun tragen. Auf jedem Spaziergang bist du bei uns, so vieles ist f\u00fcr immer untrennbar mit dir verkn\u00fcpft.<\/span><\/p>\n<p><span style=\"color: #808080;\">Du fehlst uns so sehr! Wir hoffen es geht dir gut, da, wo du hingegangen bist. Und dass wir uns eines Tages wiederfinden werden.&nbsp;Bis dahin mach\u2019s gut, geliebter Wayo!<span class=\"Apple-converted-space\">&nbsp;<\/span><\/span><\/p>\n<p><span style=\"color: #808080;\">Sylvia und Jan<span class=\"Apple-converted-space\"><br><\/span>und deine Tochter Bahati<\/span><\/p>\n<p><\/p>\n\n\n<figure class=\"wp-block-image\"><img decoding=\"async\" loading=\"lazy\" width=\"1000\" height=\"667\" src=\"http:\/\/www.ndoki-wayo.de\/wp-content\/uploads\/2021\/03\/Wayo-Abschied-1-1000x667.jpg\" alt=\"\" class=\"wp-image-5239\" srcset=\"http:\/\/www.ndoki-wayo.de\/wp-content\/uploads\/2021\/03\/Wayo-Abschied-1-1000x667.jpg 1000w, http:\/\/www.ndoki-wayo.de\/wp-content\/uploads\/2021\/03\/Wayo-Abschied-1-310x207.jpg 310w, http:\/\/www.ndoki-wayo.de\/wp-content\/uploads\/2021\/03\/Wayo-Abschied-1-665x443.jpg 665w, http:\/\/www.ndoki-wayo.de\/wp-content\/uploads\/2021\/03\/Wayo-Abschied-1-768x512.jpg 768w, http:\/\/www.ndoki-wayo.de\/wp-content\/uploads\/2021\/03\/Wayo-Abschied-1-240x160.jpg 240w, http:\/\/www.ndoki-wayo.de\/wp-content\/uploads\/2021\/03\/Wayo-Abschied-1-760x507.jpg 760w, http:\/\/www.ndoki-wayo.de\/wp-content\/uploads\/2021\/03\/Wayo-Abschied-1-1600x1066.jpg 1600w, http:\/\/www.ndoki-wayo.de\/wp-content\/uploads\/2021\/03\/Wayo-Abschied-1.jpg 2048w\" sizes=\"(max-width: 1000px) 100vw, 1000px\" \/><figcaption>\u2661\u2661\u2661<\/figcaption><\/figure>\n\n\n\n<p><\/p>\n\n\n\n<h4><\/h4>\n\n\n\n<blockquote style=\"text-align:center\" class=\"wp-block-quote\"><p>_____________________<\/p><p><\/p><p><\/p><p><br>Ich bin von euch gegangen, nur f\u00fcr einen Augenblick, und gar nicht weit. <br>Wenn ihr dahin kommt, wohin ich gegangen bin, werdet ihr euch fragen, warum ihr geweint habt. <\/p><cite>Antoine de Saint-Exup\u00e9ry<br><br><br>_____________________<br><br><\/cite><\/blockquote>\n","protected":false},"excerpt":{"rendered":"<p>Ndoki Ceteswayo Changu&nbsp; 13.08.2008 &#8211; 20.02.2021 An einem der ersten milden Vorfr\u00fchlingstage mussten wir Abschied nehmen.&nbsp;Wir hatten es dir und uns so sehr gew\u00fcnscht, dass du den Fr\u00fchling erleben darfst, doch es sollte nicht sein.&nbsp;An diesem Morgen hast du uns unmissverst\u00e4ndlich gezeigt, dass deine Kraft zu Ende geht. Und wir hatten dir versprochen, dich gehen [&hellip;]<\/p>\n","protected":false},"author":1,"featured_media":0,"parent":0,"menu_order":0,"comment_status":"open","ping_status":"closed","template":"","meta":[],"_links":{"self":[{"href":"http:\/\/www.ndoki-wayo.de\/index.php?rest_route=\/wp\/v2\/pages\/5134"}],"collection":[{"href":"http:\/\/www.ndoki-wayo.de\/index.php?rest_route=\/wp\/v2\/pages"}],"about":[{"href":"http:\/\/www.ndoki-wayo.de\/index.php?rest_route=\/wp\/v2\/types\/page"}],"author":[{"embeddable":true,"href":"http:\/\/www.ndoki-wayo.de\/index.php?rest_route=\/wp\/v2\/users\/1"}],"replies":[{"embeddable":true,"href":"http:\/\/www.ndoki-wayo.de\/index.php?rest_route=%2Fwp%2Fv2%2Fcomments&post=5134"}],"version-history":[{"count":49,"href":"http:\/\/www.ndoki-wayo.de\/index.php?rest_route=\/wp\/v2\/pages\/5134\/revisions"}],"predecessor-version":[{"id":5252,"href":"http:\/\/www.ndoki-wayo.de\/index.php?rest_route=\/wp\/v2\/pages\/5134\/revisions\/5252"}],"wp:attachment":[{"href":"http:\/\/www.ndoki-wayo.de\/index.php?rest_route=%2Fwp%2Fv2%2Fmedia&parent=5134"}],"curies":[{"name":"wp","href":"https:\/\/api.w.org\/{rel}","templated":true}]}}